er?
False
Is 16361 a prime number?
True
Is 110509 a prime number?
False
Is 22303 a composite number?
False
Is 10301 a composite number?
False
Is 21001 composite?
False
Is 53651 a prime number?
False
Is 3337 a prime number?
False
Is 45159 a composite number?
True
Is 16673 composite?
False
Is 1089071 a prime number?
False
Is 110863 composite?
False
Is 114797 composite?
False
Is 60659 composite?
False
Is 63743 composite?
False
Is 84605 composite?
True
Is 12817 a composite number?
True
Is 69491 prime?
True
Is 51871 a composite number?
False
Is 372991 a prime number?
False
Is 14107 prime?
True
Is 661379 a prime number?
False
Is 53783 prime?
True
Is 613255 a composite number?
True
Is 2627 prime?
False
Is 164039 a prime number?
True
Is 592499 a composite number?
True
Is 803579 a composite number?
True
Is 126305 composite?
True
Is 901469 prime?
False
Is 267323 composite?
True
Is 261491 a prime number?
False
Is 253969 composite?
False
Is 9014 a composite number?
True
Is 78977 composite?
False
Is 75997 a prime number?
True
Is 20047 composite?
False
Is 196951 prime?
False
Is 2411 composite?
False
Is 51217 composite?
False
Is 763457 composite?
False
Is 5053 composite?
True
Is 117529 a composite number?
False
Is 185291 composite?
False
Is 56569 a composite number?
False
Is 119359 prime?
True
Is 210901 a prime number?
True
Is 3113031 prime?
False
Is 16547 prime?
True
Is 58711 a composite number?
False
Is 1042 prime?
False
Is 971699 prime?
True
Is 1832819 prime?
True
Is 13391 a prime number?
False
Is 398903 a composite number?
False
Is 749543 a prime number?
True
Is 5803 a composite number?
True
Is 667651 composite?
True
Is 746617 prime?
False
Is 2596927 a prime number?
True
Is 43661 a composite number?
False
Is 228011 a composite number?
True
Is 291619 composite?
False
Is 2101 prime?
False
Is 31439 composite?
True
Is 1811 a prime number?
True
Is 61823 prime?
False
Is 4271 a prime number?
True
Is 19549 a prime number?
False
Is 1739 prime?
False
Is 183389 composite?
False
Is 86399 a prime number?
True
Is 480287 a composite number?
False
Is 783077 a composite number?
False
Is 134129 a prime number?
True
Is 7663 a prime number?
False
Is 70157 composite?
False
Is 21089 prime?
True
Is 321991 prime?
True
Is 570581 a prime number?
False
Is 10594 prime?
False
Is 75127 a composite number?
True
Is 70439 composite?
False
Is 10037 a prime number?
True
Is 93153 a prime number?
False
Is 59581 a composite number?
False
Is 18155 a prime number?
False
Is 1957 a composite number?
True
Is 166723 composite?
False
Is 127079 prime?
True
Is 16871 prime?
True
Is 346013 composite?
False
Is 238141 prime?
True
Is 5837149 composite?
True
Is 29959 prime?
True
Is 16183 a composite number?
False
Is 10729 a prime number?
True
Is 2909 a composite number?
False
Is 280061 prime?
True
Is 21745 composite?
True
Is 4103 a prime number?
False
Is 75251 a prime number?
False
Is 6609 prime?
False
Is 19151 a prime number?
False
Is 159533 prime?
False
Is 9719 prime?
True
Is 371 a composite number?
True
Is 199517 composite?
True
Is 255313 a prime number?
True
Is 5071 a prime number?
False
Is 135163 a prime number?
False
Is 1841 a prime number?
False
Is 104069 a composite number?
True
Is 1168151 a prime number?
True
Is 12211 prime?
True
Is 247501 a composite number?
False
Is 1356221 composite?
False
Is 83095 a composite number?
True
Is 3302887 prime?
False
Is 291913 a composite number?
True
Is 46321 a composite number?
True
Is 37649 prime?
True
Is 695719 prime?
True
Is 2066053 a composite number?
True
Is 377329 a composite number?
False
Is 20017 prime?
False
Is 41273 a composite number?
True
Is 15231 a composite number?
True
Is 17623 composite?
False
Is 153871 composite?
False
Is 15307 a composite number?
False
Is 45389 composite?
False
Is 6667 prime?
False
Is 11519 a prime number?
True
Is 2533 composite?
True
Is 63185 a prime number?
False
Is 12889 a prime number?
True
Is 268091 a prime number?
True
Is 1363 a composite number?
True
Is 372361 composite?
True
Is 13859 composite?
False
Is 1623 composite?
True
Is 43037 a composite number?
False
Is 5879 a composite number?
False
Is 33133 a composite number?
True
Is 114299 composite?
False
Is 955 composite?
True
Is 4313 a prime number?
False
Is 92909 a composite number?
True
Is 164357 composite?
False
Is 5227 prime?
True
Is 2051147 prime?
False
Is 207398 composite?
True
Is 57745 composite?
True
Is 473971 prime?
True
Is 2657 a composite number?
False
Is 11032955 composite?
True
Is 18017 composite?
True
Is 14347 prime?
True
Is 229486 a composite number?
True
Is 8633 prime?
False
Is 12083 prime?
False
Is 115691 composite?
True
Is 178753 composite?
False
Is 347 a composite number?
False
Is 719359 a composite number?
True
Is 2103 prime?
False
Is 4481 a prime number?
True
Is 5969 composite?
True
Is 43801 composite?
False
Is 24907 a prime number?
True
Is 1201 composite?
False
Is 598863 a composite number?
True
Is 4427 prime?
False
Is 53881 composite?
False
Is 2159 a composite number?
True
Is 294629 composite?
False
Is 4229 composite?
False
Is 29933 composite?
True
Is 83689 a composite number?
False
Is 21209 a composite number?
True
Is 40193 prime?
True
Is 835271 prime?
True
Is 7195 a composite number?
True
Is 42751 a composite number?
False
Is 1236229 composite?
False
Is 20101 a composite number?
False
Is 32837 composite?
True
Is 240341 a prime number?
True
Is 1249793 prime?
False
Is 25013 a composite number?
False
Is 8419 prime?
True
Is 420169 prime?
False
Is 211559 a composite number?
False
Is 25 a prime number?
False
Is 132241 a prime number?
True
Is 530501 a composite number?
False
Is 4872353 a prime number?
False
Is 700955 prime?
False
Is 37678 a composite number?
True
Is 176641 a prime number?
True
Is 1166441 a composite number?
False
Is 1253929 a prime number?
False
Is 15591 a prime number?
False
Is 2181 prime?
False
Is 1657 a composite number?
False
Is 2789 a prime number?
True
Is 58657 a prime number?
True
Is 493721 composite?
False
Is 161023 a composite number?
True
Is 169241 a composite number?
False
Is 32671 composite?
True
Is 131293 a prime number?
True
Is 95671 composite?
True
Is 710245 prime?
False
Is 143053 composite?
False
Is 219971 a prime number?
True
Is 215 composite?
True
Is 52999 prime?
True
Is 107003 composite?
True
Is 34211 prime?
True
Is 1816051 a prime number?
True
Is 449741 prime?
True
Is 232061 composite?
True
Is 261571 a composite number?
True
Is 105227 a prime number?
True
Is 21059 prime?
True
Is 10427 a composite number?
False
Is 7781 prime?
False
Is 7066 a prime number?
False
Is 25219 composite?
False
Is 8717 a composite number?
True
Is 2671 prime?
True
Is 27917 composite?
False
Is 37439 a prime number?
False
Is 605747 composite?
True
Is 495706 composite?
True
Is 2929871 a prime number?
False
Is 119489 prime?
True
Is 2957 a prime number?
True
Is 3027 a composite number?
True
Is 43027 a composite number?
True
Is 22267 a prime number?
False
Is 51031 a composite number?
False
Is 48557 composite?
True
Is 88337 prime?
True
Is 557 composite?
False
Is 248357 composite?
False
Is 158959 prime?
True
Is 76207 a composite number?
False
Is 647 a composite number?
False
Is 2193115 prime?
False
Is 13523 composite?
False
Is 304321 a prime number?
False
Is 14621 a prime number?
True
Is 46019 a prime number?
False
Is 353321 a composite number?
False
Is 1661 a prime number?
False
Is 237233 composite?
False
Is 29059 a prime number?
True
Is 35437 a composite number?
False
Is 92327 a prime number?
False
Is 127373 prime?
True
Is 745 composite?
True
Is 19661 composite?
False
Is 123787 a prime number?
True
Is 7669 a composite number?
False
Is 187205 prime?
False
Is 57571 a composite number?
False
Is 43853 a composite number?
False
Is 294703 a composite number?
False
Is 12359 prime?
False
Is 313265 prime?
False
Is 97 a prime number?
True
Is 320123 composite?
True
Is 1073 a composite number?
True
Is 8263 composite?
False
Is 196919 a composite number?
False
Is 73921 prime?
False
Is 203807 composite?
False
Is 2503613 prime?
False
Is 5923 prime?
True
Is 26077 prime?
False
Is 19931 a composite number?
True
Is 19657 prime?
False
Is 57217 prime?
False
Is 373727 a composite number?
True
Is 215939 composite?
False
Is 4621 a composite number?
False
Is 82699 a compo